?
True
Let b be 6 - -1*(-7 + 3). Suppose 5*j + 4*w = -w + 40, 3*j = b*w + 44. Is 663 - 9/((-27)/j) composite?
True
Suppose 28*i - 720 = 4*i. Is ((-771792)/i)/(-14) + (-3)/5 a composite number?
True
Let q be ((-2)/(-6))/(8/24) - -4. Suppose 0 = q*f + 10 + 5, -86 = -2*m - 2*f. Suppose 2*n - 5*r = 86, 218 = 4*n + 2*r + m. Is n composite?
False
Suppose 42*r - 34 = 8. Let l(x) = 15665*x - 6. Is l(r) composite?
True
Suppose c - 77 = -4*k, -5*c = 3*k - 64 - 287. Let x = 72 - c. Suppose -5*z + x*z = -4162. Is z prime?
True
Let r(a) = -a**3 - a + 3 - 2 - 5 + 6*a**2 - 2. Let p be r(6). Is 232/p*42/(-4) prime?
False
Let a = -3407413 + 7290902. Is a a prime number?
True
Let r = -2882 - -2888. Let w = 5 - 11. Is ((-284)/w)/(4/r) composite?
False
Let a(u) = 309*u**2 + 65*u - 1467. Is a(25) prime?
True
Let m = 1013046 + -593533. Is m a prime number?
True
Is (-2*2)/(-12) - (-958970)/255 a composite number?
False
Let d(y) = -33*y**3 + 3*y**2 + 48*y - 38. Let n(g) = 11*g**3 - g**2 - 16*g + 13. Let z(r) = -6*d(r) - 17*n(r). Is z(8) prime?
False
Let z be -1*6/(-12)*22114. Let m = z - 1948. Is m a composite number?
False
Suppose -2*u + 4*p - 6*p = -12, -12 = -4*u + 2*p. Suppose 3*g + 13036 = -27*t + 28*t, u*t - g = 52111. Is t prime?
False
Let x(t) = 3490*t**3 + t**2 + 5*t - 8. Let y(a) = a - 1. Let g(v) = -x(v) + 6*y(v). Let d be g(-1). Suppose 3*f + 4001 = 4*q - 2954, d = 2*q - 4*f. Is q prime?
False
Let d be 9/(-21) + 186/42. Suppose 4*p - 18236 = -d*u, -4559 = -p - 0*u + 5*u. Is p composite?
True
Let a = 107669 - -2450. Is a a prime number?
True
Is 12/30 + (-24)/10 + 3013 composite?
False
Suppose 10 = 5*n, -2*d + 5*n + 218727 = 12327. Is d prime?
False
Suppose 272*u - 4*h = 277*u - 346009, -h = 4. Is u a composite number?
True
Is (((-50129025)/35)/(-5) - 12/21)/1 a prime number?
False
Let n = 37 - 21. Let o = 2779 - 2787. Is (-6)/o + 10852/n a prime number?
False
Let h(a) = a**2 - 3*a + 5. Let f be h(3). Let l be 3/f*(-3 - -8). Suppose -p = 5*c - 2*c - 751, 3*p = l*c + 2229. Is p a prime number?
False
Let u(q) = q**3 - 33*q**2 - 81*q + 27. Suppose 5*a = 11*a - 228. Is u(a) prime?
False
Let d = 2441 + -315. Let z = d - 1193. Is z a composite number?
True
Let l(b) = 151*b**2 - 16*b - 304. Is l(-15) prime?
True
Let v = 44 - -88. Let z = -5 + v. Is z prime?
True
Let r be (117/(-52))/((-12)/32). Is r/15 - (-5 + 52390/(-25)) a prime number?
False
Suppose q + 5*c + 2 = -0, 0 = 3*c - 6. Let j(n) = 93*n**2 + 14*n + 5. Is j(q) a prime number?
True
Suppose -21*i + 18*i = -9. Suppose -i*j + 2*x = -0*x - 23457, 4*x + 7829 = j. Is j prime?
True
Let q(h) be the first derivative of 6*h**3 + 19*h**2/2 + 64*h + 43. Is q(-9) composite?
True
Suppose -150*x + 11562226 = -124*x. Is x a composite number?
False
Suppose 7*w - 84 + 0 = 0. Let k be (616/(-16))/((-2)/w). Let n = k - -62. Is n composite?
False
Suppose 4*u - 14 = 2*m, 5*m - 2*u - 20 = -3*u. Let l be (6/24)/((-2)/(-32)). Suppose 3*i - 5519 = -l*n, 0 = m*n - n + i - 2761. Is n a prime number?
False
Let n(a) = 1 + 21*a - 23*a + 1090*a**3 + 2*a**2 - 138*a**3. Is n(1) a prime number?
True
Suppose i = -5*x + 149496, 9*i + 89693 = 3*x + 5*i. Is x composite?
True
Let s = 3582 - -12800. Let k = s + -7089. Is k a prime number?
True
Suppose -g + 74813 = -4*p, -2*g + 2*p + 149638 = -0*g. Is g prime?
True
Let d(v) be the first derivative of 38*v**3/3 - 5*v**2 + 11*v - 98. Is d(5) prime?
True
Let x(k) = 612*k + 2351. Is x(22) a composite number?
True
Let m(u) = -5*u**2 + 3*u + 1. Let f(z) = 14*z**2 - 9*z - 4. Let q(j) = -2*f(j) - 7*m(j). Let b be q(2). Suppose 21*l + 1678 = b*l. Is l a prime number?
True
Let r be ((-2)/6*0)/(-1). Let s = r - -11. Suppose -s*a = -8*a - 1347. Is a a composite number?
False
Suppose 4*s = 4 - 16. Let d(r) = r**3 - 14*r**2 - 7*r + 5. Let m(b) = 2*b**3 - 29*b**2 - 14*b + 11. Let u(w) = s*m(w) + 5*d(w). Is u(17) a composite number?
True
Let k = 40220 - -56333. Is k a composite number?
False
Suppose -3*g + w + 153280 + 22958 = 0, -5*g + 4*w + 293730 = 0. Suppose -8*x + g = -2*x. Is x a composite number?
False
Suppose 30*r - 418 = 11*r. Suppose 167849 = r*x - 41613. Is x a prime number?
True
Suppose -16*q = -144*q - 60*q + 72314012. Is q a prime number?
False
Let u = 10600 - -86503. Is u a prime number?
True
Let h(r) be the third derivative of 53*r**5/60 + r**4/4 - r**3/3 - 109*r**2. Is h(3) composite?
True
Suppose -5*y + 1134 = -4281. Suppose 0 = -2*t - 5*t + 14. Suppose y = 5*c + t*u, -4*c - 2*u + 864 = 2*u. Is c a prime number?
False
Suppose 736*s - 516371 + 98750 = 733*s. Is s composite?
True
Is (12/(-8))/(129/(-95405734)) a prime number?
False
Suppose -31*c + 358223 = -1258334. Is c composite?
False
Let v = -2 - -1. Suppose -70*d - 19 = -74*d + z, d = 4*z + 16. Is -814*v/4*(6 - d) composite?
True
Let r = 61829 + 35942. Is r prime?
True
Suppose -310900 = -c + 3*o, -3*o - 1554416 = -153*c + 148*c. Is c a prime number?
False
Let x = -21501 - -30101. Suppose -8628 = -4*n - 4*v + 6*v, 0 = 4*n + 5*v - x. Is n composite?
True
Let l(v) = 162936*v + 199. Is l(3) a composite number?
True
Suppose 5*m + 5*r - 2936030 = 0, m + 251091 = -3*r + 838307. Is m prime?
True
Suppose a + 54 = -232. Let b = -53 - -252. Let m = b - a. Is m composite?
True
Suppose -4*i + 8 = 3*g, -2*g = -2*i - 2*i + 8. Suppose -7*k + 16*k - 495 = g. Is k prime?
False
Let c(u) = 2*u**3 - 321*u**2 + 1241*u - 201. Is c(160) a composite number?
False
Suppose -41*d = 168*d - 463503271. Is d prime?
False
Let h = 11356 + -3016. Let y = h - -13889. Is y a prime number?
True
Suppose 0 = -7*z + 127442 + 71295. Suppose -11*d = -0*d - z. Is d prime?
False
Suppose -b = -0*b - 5*l + 3, -l = -5*b + 33. Suppose -53 = b*w - 151. Suppose 16*k - 134 = w*k. Is k prime?
True
Suppose 2 = 7*r - 6*r. Suppose 38 = r*y + 24. Suppose 5*m = y*n - 3*n + 911, m = 4*n + 195. Is m a composite number?
False
Suppose -12*n - 2*h - 8 = -17*n, 3*n + h = -4. Is 6887 + 0 + 7/(-42)*n composite?
True
Is 15 + (1 - 64855/(-1)) a prime number?
True
Suppose -395*z = -97943119 - 28527586. Is z composite?
False
Suppose -5*t + 7 + 13 = -5*n, -2*n - 4 = 0. Is 4 + t + 17437/7 a composite number?
True
Let c = 477 + -2852. Let f be -2*1/4*(c + 1). Suppose 0 = -l + f - 418. Is l a composite number?
False
Let m(t) = 6*t + 204. Let b be m(-36). Is (-849)/(-2*b/(-224)) - 3 prime?
False
Let k = 0 + 0. Suppose k = 4*s + 3*m - 1801, 557 = 2*s + 3*m - 348. Let d = s - 237. Is d a composite number?
False
Suppose 26*k = 27*k - 1390. Let b = 297 + -144. Let o = b + k. Is o a composite number?
False
Let y = 32 - 31. Let z(a) = -28*a - 24*a + 33*a - y. Is z(-2) a composite number?
False
Suppose 4*l = -2*t - 3534 + 67656, 2*l - 5*t = 32091. Is l a prime number?
True
Suppose -19*x = -85*x + 11626098. Is x a composite number?
False
Suppose -4*u - 5*o = -11430 + 3216, -8232 = -4*u + 4*o. Let t be -3*(u/(-12) - 1). Let y = t + -254. Is y prime?
True
Let r(y) = 11*y**3 + 4*y**2 - y - 9. Suppose 5*m = 2*u + 51, -4*u + 0*u = 4*m + 172. Let o = u + 42. Is r(o) composite?
True
Let v(y) = -827*y**3 + 44*y**2 + 31*y + 191. Is v(-13) a composite number?
False
Suppose 0 = -4*h + 198 - 7506. Let m = h - -4160. Is m composite?
False
Suppose 5*d + 5473 = -1067. Let h = -317 - d. Is h composite?
False
Suppose 3*w + 10 = -2*i + i, i = 3*w + 14. Is 13/26*-12 + 5350/i a prime number?
False
Let g(v) = 147*v**2 + 372*v + 95. Is g(-37) a prime number?
False
Let r(b) = -2*b**2 + 22*b + 25. Let q be r(12). Let f be -768*q/(-1 - 0) + -2. Is f + (-15)/(-10)*2 composite?
False
Let m be 3 - (-6 - (-2 + -2)). Suppose -2*c + 1 = 3*a - 3, m = -5*a - c. Is (1 + a)/(7/(-11599)) composite?
False
Suppose 5*q = -w + 9, 2*w = -3*w - 5*q - 15. Let p(l) = 1214 - 4*l - 1237 - 7*l. Is p(w) prime?
True
Suppose 0 = 4*n + 5*p - 2*p - 107806, 5*p = -n + 26960. Suppose z + z = 3*b + 13477, -4*z + n = -2*b. Is z composite?
False
Let b(h) = -18589*h**3 - 14*h**2 - 34*h - 38. Is b(-3) a composite number?
False
Let s = 28 - 27. Let i be s + -3 - (-6)/((-30)/(-35)). Suppose i*c + r - 2933 = 0, 5*c - 5*r = 333 + 2612. Is c a prime number?
True
Suppose -4*g + 6 = -g + 2*x, x = g - 7. Suppose 2*f = g*f - 20. Suppose 5*p = f, -5*d + 0*d = -4*p - 627. Is d prime?
True
Let k = -1655 + 431. Let o be 2 - ((-2)/8 + 44526/24). Let y = k - o. Is y composite?
True
Suppos